0?
8
Suppose -404*k - 470 = -414*k. What is the highest common factor of k and 611?
47
Let p(j) = -2874*j - 9. Let z be p(-1). What is the highest common factor of 15 and z?
15
Let h(s) be the first derivative of 2*s**3/3 + 7*s**2/2 + 5*s - 6. Let g be h(-4). Let b be 0 + g/(36/16). Calculate the greatest common divisor of 10 and b.
2
Suppose -2*s = 3*s + 25. Let a = s + 20. Suppose 0 = -2*w - 5*j + 19 + 7, -2 = 2*w - 2*j. What is the highest common factor of a and w?
3
Suppose -1 = -z, d - 2*d + 5*z = -275. Suppose 3*s = -s + d. Suppose 0 = -2*c - i - 3*i + 2, 0 = -3*c + 3*i + 30. What is the highest common divisor of c and s?
7
Let w(l) = -7*l + 10. Let c be w(5). Let f = 30 + c. Calculate the greatest common divisor of f and 25.
5
Suppose -t = -8*t + 14. Let q be (-7 - -14) + (1 - t). What is the highest common factor of q and 3?
3
Let k = -927 - -1099. What is the greatest common factor of 1806 and k?
86
Let j(p) = -42*p - 69. Let b be j(-3). Calculate the greatest common factor of 76 and b.
19
Let g be 1/4 + (-63)/(-4). Suppose l + a = 5*l - g, 0 = -2*l + 2*a + 14. Suppose -l = 3*m + 9, 2*k - 8 = m. What is the highest common divisor of 14 and k?
2
Suppose 0 = -2*s - 2*d + 378, 93 + 108 = s - 3*d. What is the greatest common divisor of 256 and s?
64
Let d be ((-351)/(-4))/3 - 27/(-36). Calculate the highest common divisor of 150 and d.
30
Let k(g) = -25*g + 11. Let n be k(-1). What is the highest common divisor of 27 and n?
9
Suppose 25 = -5*q + 95. What is the greatest common factor of q and 7?
7
Suppose 68*m = -13*m + 385317. What is the greatest common factor of 67 and m?
67
Let z = -27 + 50. Let m = 0 + z. Let h be 21*(m/3 - 3). Calculate the highest common divisor of h and 14.
14
Let f be 13/26 + 338/4. Calculate the greatest common divisor of f and 17.
17
Suppose 0 = -1796*p + 1790*p + 36. What is the highest common divisor of 153 and p?
3
Let y be -3*(-2)/12*12. Let d be y/(-2)*(-2 + -8). Suppose -i - 2*i - d = -3*f, -2*f = 2*i - 16. Calculate the highest common factor of f and 18.
9
Let n = 638 - 435. What is the highest common factor of 29 and n?
29
Let d = -13 - 4. Let g = 25 + d. What is the highest common divisor of g and 12?
4
Suppose 19*f - 120 = 13*f. Calculate the greatest common factor of 4 and f.
4
Let p(v) = -28*v + 338. Let s be p(10). What is the highest common divisor of s and 638?
58
Suppose -5*p - 25 = -340. Suppose -3*c + 216 - 195 = 0. Calculate the greatest common divisor of p and c.
7
Let k be 933*56/132 + 14/77. What is the greatest common divisor of 88 and k?
44
Let g = -1575 + 1645. What is the highest common factor of 182 and g?
14
Suppose 828 = 62*d + 30*d. Suppose 3*a - a = 90. What is the highest common divisor of d and a?
9
Let i = -618 + 1008. Calculate the highest common factor of i and 60.
30
Let j be 2*((-6)/(-4) - 0). Suppose -75 = -j*i + 45. Suppose 2*a - 2*h = i, -4*a - 5*h = 57 - 155. What is the highest common factor of 55 and a?
11
Let w(j) = 2*j**2 - 8*j - 9. Suppose 9 + 11 = 4*q. Let f be w(q). Calculate the greatest common divisor of 11 and f.
1
Let w = 1087 - 792. Calculate the greatest common factor of w and 767.
59
Suppose 0 = -i + 5*i + 84. Let l be (i/(-6))/(2/100). Calculate the greatest common divisor of 25 and l.
25
Suppose 2*k + 13 = 17. Calculate the greatest common divisor of k and 3.
1
Suppose 486 - 178 = 2*d + 2*j, -2*j - 292 = -2*d. Calculate the highest common divisor of 12 and d.
6
Suppose -3*g + 2*g + 2 = 0. Suppose 1548 = 4*y - g*y. Let a be 4/(-14) + y/14. Calculate the highest common factor of 22 and a.
11
Let x = -5889 + 3943. Let p be (-2)/(-13) + x/(-26). What is the highest common divisor of 50 and p?
25
Let q = 145 + -85. Calculate the highest common divisor of q and 12.
12
Let v = 85 - 82. Let h = 26 - 23. Suppose 3*l - 162 = -h*l. Calculate the greatest common factor of l and v.
3
Let w = 66 - 63. Suppose 9*r = -4*m + 7*r + 114, w*r + 72 = 3*m. What is the highest common divisor of m and 63?
9
Let v = 123 + -88. Suppose v*b - 70 = 30*b. Calculate the highest common factor of b and 98.
14
Let n be ((-3)/(-6))/(3/6) + 1. Let v = 66 - 44. Calculate the highest common factor of v and n.
2
Let s be -14 + -13 + 34 - (-58)/2. What is the highest common divisor of s and 333?
9
Let q(f) = f**3 + 14*f**2 + 21*f - 6. Suppose 6*t = -2*t - 96. Let m be q(t). What is the greatest common divisor of m and 40?
10
Suppose 2*x = -0*x. Let g(u) = -4*u + x + u**2 + 0*u + 1 + 2*u**2. Let h be g(3). Calculate the greatest common factor of h and 16.
16
Let l be (17/(-4))/(-5*7/980). Let u = l + -105. What is the greatest common divisor of u and 35?
7
Let g(w) be the third derivative of -25*w**4/24 - 11*w**3/2 + 20*w**2. Let c be g(-6). Calculate the greatest common divisor of c and 13.
13
Let j = -1201 - -1426. Calculate the greatest common divisor of 150 and j.
75
Let r = 12 - 9. Suppose 7*x - 3*x - 56 = -r*t, 2*t = -x + 14. Let z be (70/2)/(1/4). Calculate the greatest common divisor of x and z.
14
Suppose 5*o = -5*s - 3618 + 1423, 2*s - 2*o = -878. Let y be (-10)/(-45) - s/9. Calculate the highest common factor of 7 and y.
7
Suppose 38 = 2*k + 5*y - 5, 5*k - 70 = -5*y. What is the highest common factor of 2 and k?
1
Let i(a) = 60*a**3 + a - 1. Let v be i(1). Let x be 16/56 - (-258)/(-21). Let r = 3 - x. Calculate the greatest common divisor of r and v.
15
Let h = -90 - -93. Calculate the highest common factor of 1 and h.
1
Let c = -1 - -151. Calculate the highest common divisor of c and 550.
50
Let l = -162 - -67. Let t = -63 - l. What is the highest common divisor of t and 224?
32
Let c be (-14)/(-2) + 1/(-1). Let k(q) = q**2 - 65*q + 816. Let p be k(50). What is the highest common divisor of c and p?
6
Let g = 5 - 2. Let m = -1366 - -1370. Suppose -g*k - 4*c = -2*k - 2, -2*k - m*c = -12. Calculate the greatest common factor of 25 and k.
5
Let l(w) = 62*w - 4. Let o be l(1). Let j = -26 + o. What is the highest common factor of 16 and j?
16
Let s be (8/22)/4 - (-13704)/22. What is the greatest common factor of 7 and s?
7
Suppose 2*f - d = -9, -6 = 3*f - 2*d + 5. Suppose 9*n = 19034 - 3968. Let c be (-3)/f + n/14. What is the highest common divisor of 24 and c?
24
Suppose 0 = -6*i - 0*i. Suppose 4*j - 4 - 12 = i. Let a be (j/(-6) + 1)*3. What is the highest common divisor of a and 4?
1
Let f = 447 + -414. Calculate the greatest common factor of 33 and f.
33
Suppose -4*c - 3*k + 310 = 0, -21*c + 25*c - 4*k - 296 = 0. Calculate the highest common divisor of c and 114.
38
Suppose 5*a - 3*s + 168 = 0, 2*a + 2*s = 6*a + 134. Let n = 51 + a. What is the greatest common divisor of 72 and n?
18
Suppose i = -0*i - 35. Let t be (-260)/i - 6/14. Let f = 107 + -51. What is the highest common divisor of t and f?
7
Let x(m) = 6*m**2 - 7*m + 4. Let c be x(4). Let i = -37 - -37. Suppose 8*q - 10*q + 16 = i. Calculate the greatest common divisor of c and q.
8
Suppose 8*s - 5*s - 12 = 0. Let g(r) = 2*r**2 + 27*r + 15. Let p be g(-13). Calculate the highest common divisor of p and s.
2
Let x = -19 - -19. Suppose x = 4*o - 0*o - 48. Suppose -5*w + v - 14 = -192, 8 = 4*v. What is the greatest common divisor of o and w?
12
Let h be ((-2)/4)/((-1)/54). Suppose -47 - 36 = l. Let d = l + 86. What is the greatest common divisor of d and h?
3
Let d be (-12)/(-9)*9/4. Suppose 5*l = -b + 34, 2*b + l = -d*b + 98. What is the greatest common divisor of 95 and b?
19
Suppose -7 = -5*o + 23. Suppose 4*s - 4 = 2*x, 4*s - 2*s + x - o = 0. Suppose -2*j + 128 = s*j. Calculate the greatest common divisor of j and 16.
16
Let w = 4 - -21. Let h = 2872 - 2772. Calculate the greatest common factor of w and h.
25
Suppose 791 = -5*u - 9. Suppose 3*s = -272 + 56. Let z = s - u. What is the greatest common divisor of z and 8?
8
Let d(k) = -19*k - 3. Let v be d(-5). Suppose -77 + 813 = 32*a. What is the highest common factor of a and v?
23
Let j(d) = 2*d**2 + 11*d + 9. Let t be j(-8). Suppose -3*c - 1 + 22 = 0. What is the greatest common divisor of t and c?
7
Let b(g) = -g**2 - 12*g - 10. Let a be b(-5). Calculate the greatest common divisor of 20 and a.
5
Suppose -6*y + 2544 - 444 = 0. What is the highest common divisor of y and 200?
50
Suppose 16 = 10*j - 8*j. Calculate the highest common divisor of j and 8.
8
Let b = 19 + 